{"id":6509,"date":"2025-11-04T10:19:16","date_gmt":"2025-11-04T10:19:16","guid":{"rendered":"https:\/\/princalati.rs\/?post_type=product&#038;p=6509"},"modified":"2025-11-05T08:51:57","modified_gmt":"2025-11-05T08:51:57","slug":"pasta-za-kocione-cilindre","status":"publish","type":"product","link":"https:\/\/princalati.rs\/index.php\/product\/pasta-za-kocione-cilindre\/","title":{"rendered":"Pasta za kocione cilindre"},"content":{"rendered":"<div class=\"pdp-details-container-content\">\n<h3 class=\"pdp-details-container-content-headline js-product-spy-section-headline\">Detalji<\/h3>\n<\/div>\n<div class=\"pdp-details-container-content\">\n<div class=\"pdp-details-container-content-left\">\n<div>\n<div class=\"headline\">\n<h4>Podru\u010dja primene:<\/h4>\n<\/div>\n<p class=\"description\">Podmazivanje komponenti ko\u010dnica i upravlja\u010da, kao \u0161to su \u010daure vodjica, \u010deljusti, poja\u010diva\u010d ko\u010denja, sistem kva\u010dila, elasti\u010dni le\u017eajevi osovine ili zaptivke letve volana u motornom prostoru<\/p>\n<p class=\"description\">Podmazivanje visokooptere\u0107enih kotrljaju\u0107ih i kliznih le\u017eajeva te malih menja\u010dkih kutija<\/p>\n<p class=\"description\">Idealna za podmazivanje kontaktnih povr\u0161ina me\u0161anih materijala, kao \u0161to su metal \u2013 plastika ili metal \u2013 guma tokom monta\u017ee O-prstena<\/p>\n<\/div>\n<div>\n<div class=\"headline\">\n<h4>Prednosti:<\/h4>\n<\/div>\n<ul class=\"list\">\n<li class=\"description\">Savr\u0161ene performanse\n<ul>\n<li>Sadr\u017ei politetrafluoretilen (PTFE)<\/li>\n<li>Pouzdano smanjuje trenje i tro\u0161enje<\/li>\n<li>Visok kapacitet nosivosti<\/li>\n<li>Jednostavna ugradnja gumenih delova na metalne povr\u0161ine<\/li>\n<\/ul>\n<\/li>\n<li class=\"description\">\u0160irok raspon kompatibilnosti\n<ul>\n<li>Otporna na mineralna ulja i ne ispire se u dodiru s njima<\/li>\n<li>Kompatibilna s ko\u010dionim te\u010dnostima DOT3, DOT4 i DOT5.1<\/li>\n<li>Vrlo dobra kompatibilnost s plastikom i elastomerima<\/li>\n<\/ul>\n<\/li>\n<li class=\"description\">Najve\u0107a sigurnost primene\n<ul>\n<li>\u0160irok temperaturni raspon<\/li>\n<li>Otporna na oksidaciju i starenje<\/li>\n<li>Dobra za\u0161tita od tro\u0161enja<\/li>\n<\/ul>\n<\/li>\n<\/ul>\n<\/div>\n<\/div>\n<\/div>\n","protected":false},"excerpt":{"rendered":"<ul>\n<li><span class=\"product-description-list-inner\">Prikladna za DOT3, DOT4 i DOT5.1<\/span><\/li>\n<li><span class=\"product-description-list-inner\">Idealna za delove sistema ko\u010denja i upravljanja<\/span><\/li>\n<li><span class=\"product-description-list-inner\">Otporna na mineralna ulja<\/span><\/li>\n<\/ul>\n","protected":false},"featured_media":6510,"comment_status":"open","ping_status":"closed","template":"","meta":{"_acf_changed":false},"product_brand":[],"product_cat":[39,50],"product_tag":[],"class_list":{"0":"post-6509","1":"product","2":"type-product","3":"status-publish","4":"has-post-thumbnail","6":"product_cat-hemija","7":"product_cat-rastvaraci-i-sredstava-za-podmazivanje","8":"member-discount","9":"discount-restricted","11":"first","12":"instock","13":"taxable","14":"shipping-taxable","15":"purchasable","16":"product-type-simple","17":"add-to-wishlist-after_add_to_cart"},"bundled_by":[],"bundle_stock_status":"instock","bundle_stock_quantity":null,"bundle_virtual":false,"bundle_layout":"","bundle_add_to_cart_form_location":"","bundle_editable_in_cart":false,"bundle_sold_individually_context":"","bundle_item_grouping":"","bundle_min_size":"","bundle_max_size":"","bundle_price":[],"bundled_items":[],"bundle_sell_ids":[],"acf":[],"yoast_head":"<!-- This site is optimized with the Yoast SEO plugin v26.5 - https:\/\/yoast.com\/wordpress\/plugins\/seo\/ -->\n<title>Pasta za kocione cilindre | Princ Alati<\/title>\n<meta name=\"robots\" content=\"noindex, follow, max-snippet:-1, max-image-preview:large, max-video-preview:-1\" \/>\n<meta property=\"og:locale\" content=\"en_US\" \/>\n<meta property=\"og:type\" content=\"article\" \/>\n<meta property=\"og:title\" content=\"Pasta za kocione cilindre | Princ Alati\" \/>\n<meta property=\"og:description\" content=\"Prikladna za DOT3, DOT4 i DOT5.1  Idealna za delove sistema ko\u010denja i upravljanja  Otporna na mineralna ulja\" \/>\n<meta property=\"og:url\" content=\"https:\/\/princalati.rs\/index.php\/product\/pasta-za-kocione-cilindre\/\" \/>\n<meta property=\"og:site_name\" content=\"Princ Alati\" \/>\n<meta property=\"article:modified_time\" content=\"2025-11-05T08:51:57+00:00\" \/>\n<meta property=\"og:image\" content=\"https:\/\/princalati.rs\/wp-content\/uploads\/2025\/11\/38119239-100.webp\" \/>\n\t<meta property=\"og:image:width\" content=\"400\" \/>\n\t<meta property=\"og:image:height\" content=\"400\" \/>\n\t<meta property=\"og:image:type\" content=\"image\/webp\" \/>\n<meta name=\"twitter:card\" content=\"summary_large_image\" \/>\n<meta name=\"twitter:label1\" content=\"Est. reading time\" \/>\n\t<meta name=\"twitter:data1\" content=\"1 minute\" \/>\n<script type=\"application\/ld+json\" class=\"yoast-schema-graph\">{\"@context\":\"https:\/\/schema.org\",\"@graph\":[{\"@type\":\"WebPage\",\"@id\":\"https:\/\/princalati.rs\/index.php\/product\/pasta-za-kocione-cilindre\/\",\"url\":\"https:\/\/princalati.rs\/index.php\/product\/pasta-za-kocione-cilindre\/\",\"name\":\"Pasta za kocione cilindre | Princ Alati\",\"isPartOf\":{\"@id\":\"https:\/\/princalati.rs\/#website\"},\"primaryImageOfPage\":{\"@id\":\"https:\/\/princalati.rs\/index.php\/product\/pasta-za-kocione-cilindre\/#primaryimage\"},\"image\":{\"@id\":\"https:\/\/princalati.rs\/index.php\/product\/pasta-za-kocione-cilindre\/#primaryimage\"},\"thumbnailUrl\":\"https:\/\/princalati.rs\/wp-content\/uploads\/2025\/11\/38119239-100.webp\",\"datePublished\":\"2025-11-04T10:19:16+00:00\",\"dateModified\":\"2025-11-05T08:51:57+00:00\",\"breadcrumb\":{\"@id\":\"https:\/\/princalati.rs\/index.php\/product\/pasta-za-kocione-cilindre\/#breadcrumb\"},\"inLanguage\":\"en-US\",\"potentialAction\":[{\"@type\":\"ReadAction\",\"target\":[\"https:\/\/princalati.rs\/index.php\/product\/pasta-za-kocione-cilindre\/\"]}]},{\"@type\":\"ImageObject\",\"inLanguage\":\"en-US\",\"@id\":\"https:\/\/princalati.rs\/index.php\/product\/pasta-za-kocione-cilindre\/#primaryimage\",\"url\":\"https:\/\/princalati.rs\/wp-content\/uploads\/2025\/11\/38119239-100.webp\",\"contentUrl\":\"https:\/\/princalati.rs\/wp-content\/uploads\/2025\/11\/38119239-100.webp\",\"width\":400,\"height\":400},{\"@type\":\"BreadcrumbList\",\"@id\":\"https:\/\/princalati.rs\/index.php\/product\/pasta-za-kocione-cilindre\/#breadcrumb\",\"itemListElement\":[{\"@type\":\"ListItem\",\"position\":1,\"name\":\"Home\",\"item\":\"https:\/\/princalati.rs\/\"},{\"@type\":\"ListItem\",\"position\":2,\"name\":\"Shop\",\"item\":\"https:\/\/princalati.rs\/index.php\/shop\/\"},{\"@type\":\"ListItem\",\"position\":3,\"name\":\"Pasta za kocione cilindre\"}]},{\"@type\":\"WebSite\",\"@id\":\"https:\/\/princalati.rs\/#website\",\"url\":\"https:\/\/princalati.rs\/\",\"name\":\"Princ Alati\",\"description\":\"\",\"publisher\":{\"@id\":\"https:\/\/princalati.rs\/#organization\"},\"potentialAction\":[{\"@type\":\"SearchAction\",\"target\":{\"@type\":\"EntryPoint\",\"urlTemplate\":\"https:\/\/princalati.rs\/?s={search_term_string}\"},\"query-input\":{\"@type\":\"PropertyValueSpecification\",\"valueRequired\":true,\"valueName\":\"search_term_string\"}}],\"inLanguage\":\"en-US\"},{\"@type\":\"Organization\",\"@id\":\"https:\/\/princalati.rs\/#organization\",\"name\":\"Princ Alati\",\"url\":\"https:\/\/princalati.rs\/\",\"logo\":{\"@type\":\"ImageObject\",\"inLanguage\":\"en-US\",\"@id\":\"https:\/\/princalati.rs\/#\/schema\/logo\/image\/\",\"url\":\"https:\/\/princalati.rs\/wp-content\/uploads\/2024\/12\/logo-1.webp\",\"contentUrl\":\"https:\/\/princalati.rs\/wp-content\/uploads\/2024\/12\/logo-1.webp\",\"width\":500,\"height\":150,\"caption\":\"Princ Alati\"},\"image\":{\"@id\":\"https:\/\/princalati.rs\/#\/schema\/logo\/image\/\"}}]}<\/script>\n<!-- \/ Yoast SEO plugin. -->","yoast_head_json":{"title":"Pasta za kocione cilindre | Princ Alati","robots":{"index":"noindex","follow":"follow","max-snippet":"max-snippet:-1","max-image-preview":"max-image-preview:large","max-video-preview":"max-video-preview:-1"},"og_locale":"en_US","og_type":"article","og_title":"Pasta za kocione cilindre | Princ Alati","og_description":"Prikladna za DOT3, DOT4 i DOT5.1  Idealna za delove sistema ko\u010denja i upravljanja  Otporna na mineralna ulja","og_url":"https:\/\/princalati.rs\/index.php\/product\/pasta-za-kocione-cilindre\/","og_site_name":"Princ Alati","article_modified_time":"2025-11-05T08:51:57+00:00","og_image":[{"width":400,"height":400,"url":"https:\/\/princalati.rs\/wp-content\/uploads\/2025\/11\/38119239-100.webp","type":"image\/webp"}],"twitter_card":"summary_large_image","twitter_misc":{"Est. reading time":"1 minute"},"schema":{"@context":"https:\/\/schema.org","@graph":[{"@type":"WebPage","@id":"https:\/\/princalati.rs\/index.php\/product\/pasta-za-kocione-cilindre\/","url":"https:\/\/princalati.rs\/index.php\/product\/pasta-za-kocione-cilindre\/","name":"Pasta za kocione cilindre | Princ Alati","isPartOf":{"@id":"https:\/\/princalati.rs\/#website"},"primaryImageOfPage":{"@id":"https:\/\/princalati.rs\/index.php\/product\/pasta-za-kocione-cilindre\/#primaryimage"},"image":{"@id":"https:\/\/princalati.rs\/index.php\/product\/pasta-za-kocione-cilindre\/#primaryimage"},"thumbnailUrl":"https:\/\/princalati.rs\/wp-content\/uploads\/2025\/11\/38119239-100.webp","datePublished":"2025-11-04T10:19:16+00:00","dateModified":"2025-11-05T08:51:57+00:00","breadcrumb":{"@id":"https:\/\/princalati.rs\/index.php\/product\/pasta-za-kocione-cilindre\/#breadcrumb"},"inLanguage":"en-US","potentialAction":[{"@type":"ReadAction","target":["https:\/\/princalati.rs\/index.php\/product\/pasta-za-kocione-cilindre\/"]}]},{"@type":"ImageObject","inLanguage":"en-US","@id":"https:\/\/princalati.rs\/index.php\/product\/pasta-za-kocione-cilindre\/#primaryimage","url":"https:\/\/princalati.rs\/wp-content\/uploads\/2025\/11\/38119239-100.webp","contentUrl":"https:\/\/princalati.rs\/wp-content\/uploads\/2025\/11\/38119239-100.webp","width":400,"height":400},{"@type":"BreadcrumbList","@id":"https:\/\/princalati.rs\/index.php\/product\/pasta-za-kocione-cilindre\/#breadcrumb","itemListElement":[{"@type":"ListItem","position":1,"name":"Home","item":"https:\/\/princalati.rs\/"},{"@type":"ListItem","position":2,"name":"Shop","item":"https:\/\/princalati.rs\/index.php\/shop\/"},{"@type":"ListItem","position":3,"name":"Pasta za kocione cilindre"}]},{"@type":"WebSite","@id":"https:\/\/princalati.rs\/#website","url":"https:\/\/princalati.rs\/","name":"Princ Alati","description":"","publisher":{"@id":"https:\/\/princalati.rs\/#organization"},"potentialAction":[{"@type":"SearchAction","target":{"@type":"EntryPoint","urlTemplate":"https:\/\/princalati.rs\/?s={search_term_string}"},"query-input":{"@type":"PropertyValueSpecification","valueRequired":true,"valueName":"search_term_string"}}],"inLanguage":"en-US"},{"@type":"Organization","@id":"https:\/\/princalati.rs\/#organization","name":"Princ Alati","url":"https:\/\/princalati.rs\/","logo":{"@type":"ImageObject","inLanguage":"en-US","@id":"https:\/\/princalati.rs\/#\/schema\/logo\/image\/","url":"https:\/\/princalati.rs\/wp-content\/uploads\/2024\/12\/logo-1.webp","contentUrl":"https:\/\/princalati.rs\/wp-content\/uploads\/2024\/12\/logo-1.webp","width":500,"height":150,"caption":"Princ Alati"},"image":{"@id":"https:\/\/princalati.rs\/#\/schema\/logo\/image\/"}}]}},"_links":{"self":[{"href":"https:\/\/princalati.rs\/index.php\/wp-json\/wp\/v2\/product\/6509","targetHints":{"allow":["GET"]}}],"collection":[{"href":"https:\/\/princalati.rs\/index.php\/wp-json\/wp\/v2\/product"}],"about":[{"href":"https:\/\/princalati.rs\/index.php\/wp-json\/wp\/v2\/types\/product"}],"replies":[{"embeddable":true,"href":"https:\/\/princalati.rs\/index.php\/wp-json\/wp\/v2\/comments?post=6509"}],"wp:featuredmedia":[{"embeddable":true,"href":"https:\/\/princalati.rs\/index.php\/wp-json\/wp\/v2\/media\/6510"}],"wp:attachment":[{"href":"https:\/\/princalati.rs\/index.php\/wp-json\/wp\/v2\/media?parent=6509"}],"wp:term":[{"taxonomy":"product_brand","embeddable":true,"href":"https:\/\/princalati.rs\/index.php\/wp-json\/wp\/v2\/product_brand?post=6509"},{"taxonomy":"product_cat","embeddable":true,"href":"https:\/\/princalati.rs\/index.php\/wp-json\/wp\/v2\/product_cat?post=6509"},{"taxonomy":"product_tag","embeddable":true,"href":"https:\/\/princalati.rs\/index.php\/wp-json\/wp\/v2\/product_tag?post=6509"}],"curies":[{"name":"wp","href":"https:\/\/api.w.org\/{rel}","templated":true}]}}