{"id":6322,"date":"2025-06-18T12:54:10","date_gmt":"2025-06-18T12:54:10","guid":{"rendered":"https:\/\/princalati.rs\/?post_type=product&#038;p=6322"},"modified":"2025-11-17T10:02:31","modified_gmt":"2025-11-17T10:02:31","slug":"kljesta-za-skidanje-izolacije-2","status":"publish","type":"product","link":"https:\/\/princalati.rs\/index.php\/product\/kljesta-za-skidanje-izolacije-2\/","title":{"rendered":"Klje\u0161ta za skidanje izolacije"},"content":{"rendered":"<div class=\"pdp-details-container-content\">\n<div class=\"pdp-details-container-content\">\n<h3 class=\"pdp-details-container-content-headline\">Detalji<\/h3>\n<\/div>\n<div class=\"pdp-details-container-content\">\n<div class=\"pdp-details-container-content-left\">\n<div>\n<div class=\"headline\">\n<h4>Podru\u010dja primene:<\/h4>\n<\/div>\n<p class=\"description\">Rezanje, skidanje izolacije i stezanje \u017eica<\/p>\n<\/div>\n<div>\n<div class=\"headline\">\n<h4>Prednosti:<\/h4>\n<\/div>\n<ul class=\"list\">\n<li class=\"description\">Vi\u0161enamenski alat za kablove\n<ul>\n<li>Precizno dizajnirani zupci omogu\u0107uju primanje, dr\u017eanje, povla\u010denje i uklanjanje spolja\u0161nje ko\u0161uljice jednostavnim pokretom jedne ruke<\/li>\n<li>Sa stezaljkom za \u017eicu koja ste\u017ee izolirane i neizolirane terminale za paljenje automobila<\/li>\n<li>Reza\u010d \u017eice re\u017ee bakarne \u017eice<\/li>\n<\/ul>\n<\/li>\n<li class=\"description\">Izra\u0111eno posebnom termi\u010dkom obradom\n<ul>\n<li>Visokokvalitetna o\u0161trica omogu\u0107uje u\u010dinkovito rezanje<\/li>\n<li>Samo za bakar<\/li>\n<\/ul>\n<\/li>\n<li class=\"description\">Samoprilagodivi alat za skidanje izolacije za \u017eice\n<ul>\n<li>Idealno za bakarne i aluminijumske kablove od 10 do 24 AWG (0,2 \u2013 6 mm\u00b2)<\/li>\n<li>Ne\u0107e o\u0161tetiti metalni deo elektri\u010dne \u017eice<\/li>\n<li>Automatsko skidanje izolacije bez prethodnog prilagodjavanja<\/li>\n<li>Skidanje izolacije na sredini ili na kraju<\/li>\n<\/ul>\n<\/li>\n<li class=\"description\">Okretno dugme za izuzetno preciznu adaptaciju nazubljenog to\u010dka\n<ul>\n<li>Za skidanje izolacije sa \u017eice manje od 24 AWG<\/li>\n<\/ul>\n<\/li>\n<li class=\"description\">Ugra\u0111ena stezaljka\n<ul>\n<li>Terminali izolovani stezaljkama 22 \u2013 10 AWG (0,5 \u2013 6 mm\u00b2)<\/li>\n<li>Neizolovani terminali 12 \u2013 10 AWG (4 \u2013 6 mm\u00b2) \/ 16 \u2013 14 AWG (1,5 \u2013 2,5 mm\u00b2) 22 \u2013 18 AWG (0,5 \u2013 1,0 mm\u00b2)<\/li>\n<li>Terminali s automatskim paljenjem 7 \u2013 8 mm<\/li>\n<\/ul>\n<\/li>\n<li class=\"description\">Ergonomska dvodelna ru\u010dka\n<ul>\n<li>Za maksimalnu iskoristivost<\/li>\n<li>Smanjeno zamaranje ruku<\/li>\n<\/ul>\n<\/li>\n<\/ul>\n<\/div>\n<\/div>\n<\/div>\n<\/div>\n","protected":false},"excerpt":{"rendered":"<ul>\n<li><span class=\"product-description-list-inner\">Alat 3-u-1: klje\u0161ta za stezanje \u017eica, reza\u010d \u017eica i klje\u0161ta za skidanje izolacije<\/span><\/li>\n<li><span class=\"product-description-list-inner\">Napravljeno posebnim postupkom termi\u010dke obrade: visokokvalitetna o\u0161trica osigurava u\u010dinkovito rezanje<\/span><\/li>\n<li><span class=\"product-description-list-inner\">Ergonomska ru\u010dka s dve komponente: za maksimalnu polugu uz smanjeni umor ruke.<\/span><\/li>\n<\/ul>\n","protected":false},"featured_media":6323,"comment_status":"open","ping_status":"closed","template":"","meta":{"_acf_changed":false},"product_brand":[],"product_cat":[92,44,377],"product_tag":[],"class_list":{"0":"post-6322","1":"product","2":"type-product","3":"status-publish","4":"has-post-thumbnail","6":"product_cat-rucni-alat","7":"product_cat-alati","8":"product_cat-sekaci-i-kljesta","9":"member-discount","10":"discount-restricted","12":"first","13":"instock","14":"taxable","15":"shipping-taxable","16":"purchasable","17":"product-type-simple","18":"add-to-wishlist-after_add_to_cart"},"bundled_by":[],"bundle_stock_status":"instock","bundle_stock_quantity":1,"bundle_virtual":false,"bundle_layout":"","bundle_add_to_cart_form_location":"","bundle_editable_in_cart":false,"bundle_sold_individually_context":"","bundle_item_grouping":"","bundle_min_size":"","bundle_max_size":"","bundle_price":[],"bundled_items":[],"bundle_sell_ids":[],"acf":[],"yoast_head":"<!-- This site is optimized with the Yoast SEO plugin v26.5 - https:\/\/yoast.com\/wordpress\/plugins\/seo\/ -->\n<title>Klje\u0161ta za skidanje izolacije | Princ Alati<\/title>\n<meta name=\"robots\" content=\"noindex, follow, max-snippet:-1, max-image-preview:large, max-video-preview:-1\" \/>\n<meta property=\"og:locale\" content=\"en_US\" \/>\n<meta property=\"og:type\" content=\"article\" \/>\n<meta property=\"og:title\" content=\"Klje\u0161ta za skidanje izolacije | Princ Alati\" \/>\n<meta property=\"og:description\" content=\"Alat 3-u-1: klje\u0161ta za stezanje \u017eica, reza\u010d \u017eica i klje\u0161ta za skidanje izolacije  Napravljeno posebnim postupkom termi\u010dke obrade: visokokvalitetna o\u0161trica osigurava u\u010dinkovito rezanje  Ergonomska ru\u010dka s dve komponente: za maksimalnu polugu uz smanjeni umor ruke.\" \/>\n<meta property=\"og:url\" content=\"https:\/\/princalati.rs\/index.php\/product\/kljesta-za-skidanje-izolacije-2\/\" \/>\n<meta property=\"og:site_name\" content=\"Princ Alati\" \/>\n<meta property=\"article:modified_time\" content=\"2025-11-17T10:02:31+00:00\" \/>\n<meta property=\"og:image\" content=\"https:\/\/princalati.rs\/wp-content\/uploads\/2025\/06\/61514TIF-100.webp\" \/>\n\t<meta property=\"og:image:width\" content=\"300\" \/>\n\t<meta property=\"og:image:height\" content=\"300\" \/>\n\t<meta property=\"og:image:type\" content=\"image\/webp\" \/>\n<meta name=\"twitter:card\" content=\"summary_large_image\" \/>\n<meta name=\"twitter:label1\" content=\"Est. reading time\" \/>\n\t<meta name=\"twitter:data1\" content=\"1 minute\" \/>\n<script type=\"application\/ld+json\" class=\"yoast-schema-graph\">{\"@context\":\"https:\/\/schema.org\",\"@graph\":[{\"@type\":\"WebPage\",\"@id\":\"https:\/\/princalati.rs\/index.php\/product\/kljesta-za-skidanje-izolacije-2\/\",\"url\":\"https:\/\/princalati.rs\/index.php\/product\/kljesta-za-skidanje-izolacije-2\/\",\"name\":\"Klje\u0161ta za skidanje izolacije | Princ Alati\",\"isPartOf\":{\"@id\":\"https:\/\/princalati.rs\/#website\"},\"primaryImageOfPage\":{\"@id\":\"https:\/\/princalati.rs\/index.php\/product\/kljesta-za-skidanje-izolacije-2\/#primaryimage\"},\"image\":{\"@id\":\"https:\/\/princalati.rs\/index.php\/product\/kljesta-za-skidanje-izolacije-2\/#primaryimage\"},\"thumbnailUrl\":\"https:\/\/princalati.rs\/wp-content\/uploads\/2025\/06\/61514TIF-100.webp\",\"datePublished\":\"2025-06-18T12:54:10+00:00\",\"dateModified\":\"2025-11-17T10:02:31+00:00\",\"breadcrumb\":{\"@id\":\"https:\/\/princalati.rs\/index.php\/product\/kljesta-za-skidanje-izolacije-2\/#breadcrumb\"},\"inLanguage\":\"en-US\",\"potentialAction\":[{\"@type\":\"ReadAction\",\"target\":[\"https:\/\/princalati.rs\/index.php\/product\/kljesta-za-skidanje-izolacije-2\/\"]}]},{\"@type\":\"ImageObject\",\"inLanguage\":\"en-US\",\"@id\":\"https:\/\/princalati.rs\/index.php\/product\/kljesta-za-skidanje-izolacije-2\/#primaryimage\",\"url\":\"https:\/\/princalati.rs\/wp-content\/uploads\/2025\/06\/61514TIF-100.webp\",\"contentUrl\":\"https:\/\/princalati.rs\/wp-content\/uploads\/2025\/06\/61514TIF-100.webp\",\"width\":300,\"height\":300},{\"@type\":\"BreadcrumbList\",\"@id\":\"https:\/\/princalati.rs\/index.php\/product\/kljesta-za-skidanje-izolacije-2\/#breadcrumb\",\"itemListElement\":[{\"@type\":\"ListItem\",\"position\":1,\"name\":\"Home\",\"item\":\"https:\/\/princalati.rs\/\"},{\"@type\":\"ListItem\",\"position\":2,\"name\":\"Shop\",\"item\":\"https:\/\/princalati.rs\/index.php\/shop\/\"},{\"@type\":\"ListItem\",\"position\":3,\"name\":\"Klje\u0161ta za skidanje izolacije\"}]},{\"@type\":\"WebSite\",\"@id\":\"https:\/\/princalati.rs\/#website\",\"url\":\"https:\/\/princalati.rs\/\",\"name\":\"Princ Alati\",\"description\":\"\",\"publisher\":{\"@id\":\"https:\/\/princalati.rs\/#organization\"},\"potentialAction\":[{\"@type\":\"SearchAction\",\"target\":{\"@type\":\"EntryPoint\",\"urlTemplate\":\"https:\/\/princalati.rs\/?s={search_term_string}\"},\"query-input\":{\"@type\":\"PropertyValueSpecification\",\"valueRequired\":true,\"valueName\":\"search_term_string\"}}],\"inLanguage\":\"en-US\"},{\"@type\":\"Organization\",\"@id\":\"https:\/\/princalati.rs\/#organization\",\"name\":\"Princ Alati\",\"url\":\"https:\/\/princalati.rs\/\",\"logo\":{\"@type\":\"ImageObject\",\"inLanguage\":\"en-US\",\"@id\":\"https:\/\/princalati.rs\/#\/schema\/logo\/image\/\",\"url\":\"https:\/\/princalati.rs\/wp-content\/uploads\/2024\/12\/logo-1.webp\",\"contentUrl\":\"https:\/\/princalati.rs\/wp-content\/uploads\/2024\/12\/logo-1.webp\",\"width\":500,\"height\":150,\"caption\":\"Princ Alati\"},\"image\":{\"@id\":\"https:\/\/princalati.rs\/#\/schema\/logo\/image\/\"}}]}<\/script>\n<!-- \/ Yoast SEO plugin. -->","yoast_head_json":{"title":"Klje\u0161ta za skidanje izolacije | Princ Alati","robots":{"index":"noindex","follow":"follow","max-snippet":"max-snippet:-1","max-image-preview":"max-image-preview:large","max-video-preview":"max-video-preview:-1"},"og_locale":"en_US","og_type":"article","og_title":"Klje\u0161ta za skidanje izolacije | Princ Alati","og_description":"Alat 3-u-1: klje\u0161ta za stezanje \u017eica, reza\u010d \u017eica i klje\u0161ta za skidanje izolacije  Napravljeno posebnim postupkom termi\u010dke obrade: visokokvalitetna o\u0161trica osigurava u\u010dinkovito rezanje  Ergonomska ru\u010dka s dve komponente: za maksimalnu polugu uz smanjeni umor ruke.","og_url":"https:\/\/princalati.rs\/index.php\/product\/kljesta-za-skidanje-izolacije-2\/","og_site_name":"Princ Alati","article_modified_time":"2025-11-17T10:02:31+00:00","og_image":[{"width":300,"height":300,"url":"https:\/\/princalati.rs\/wp-content\/uploads\/2025\/06\/61514TIF-100.webp","type":"image\/webp"}],"twitter_card":"summary_large_image","twitter_misc":{"Est. reading time":"1 minute"},"schema":{"@context":"https:\/\/schema.org","@graph":[{"@type":"WebPage","@id":"https:\/\/princalati.rs\/index.php\/product\/kljesta-za-skidanje-izolacije-2\/","url":"https:\/\/princalati.rs\/index.php\/product\/kljesta-za-skidanje-izolacije-2\/","name":"Klje\u0161ta za skidanje izolacije | Princ Alati","isPartOf":{"@id":"https:\/\/princalati.rs\/#website"},"primaryImageOfPage":{"@id":"https:\/\/princalati.rs\/index.php\/product\/kljesta-za-skidanje-izolacije-2\/#primaryimage"},"image":{"@id":"https:\/\/princalati.rs\/index.php\/product\/kljesta-za-skidanje-izolacije-2\/#primaryimage"},"thumbnailUrl":"https:\/\/princalati.rs\/wp-content\/uploads\/2025\/06\/61514TIF-100.webp","datePublished":"2025-06-18T12:54:10+00:00","dateModified":"2025-11-17T10:02:31+00:00","breadcrumb":{"@id":"https:\/\/princalati.rs\/index.php\/product\/kljesta-za-skidanje-izolacije-2\/#breadcrumb"},"inLanguage":"en-US","potentialAction":[{"@type":"ReadAction","target":["https:\/\/princalati.rs\/index.php\/product\/kljesta-za-skidanje-izolacije-2\/"]}]},{"@type":"ImageObject","inLanguage":"en-US","@id":"https:\/\/princalati.rs\/index.php\/product\/kljesta-za-skidanje-izolacije-2\/#primaryimage","url":"https:\/\/princalati.rs\/wp-content\/uploads\/2025\/06\/61514TIF-100.webp","contentUrl":"https:\/\/princalati.rs\/wp-content\/uploads\/2025\/06\/61514TIF-100.webp","width":300,"height":300},{"@type":"BreadcrumbList","@id":"https:\/\/princalati.rs\/index.php\/product\/kljesta-za-skidanje-izolacije-2\/#breadcrumb","itemListElement":[{"@type":"ListItem","position":1,"name":"Home","item":"https:\/\/princalati.rs\/"},{"@type":"ListItem","position":2,"name":"Shop","item":"https:\/\/princalati.rs\/index.php\/shop\/"},{"@type":"ListItem","position":3,"name":"Klje\u0161ta za skidanje izolacije"}]},{"@type":"WebSite","@id":"https:\/\/princalati.rs\/#website","url":"https:\/\/princalati.rs\/","name":"Princ Alati","description":"","publisher":{"@id":"https:\/\/princalati.rs\/#organization"},"potentialAction":[{"@type":"SearchAction","target":{"@type":"EntryPoint","urlTemplate":"https:\/\/princalati.rs\/?s={search_term_string}"},"query-input":{"@type":"PropertyValueSpecification","valueRequired":true,"valueName":"search_term_string"}}],"inLanguage":"en-US"},{"@type":"Organization","@id":"https:\/\/princalati.rs\/#organization","name":"Princ Alati","url":"https:\/\/princalati.rs\/","logo":{"@type":"ImageObject","inLanguage":"en-US","@id":"https:\/\/princalati.rs\/#\/schema\/logo\/image\/","url":"https:\/\/princalati.rs\/wp-content\/uploads\/2024\/12\/logo-1.webp","contentUrl":"https:\/\/princalati.rs\/wp-content\/uploads\/2024\/12\/logo-1.webp","width":500,"height":150,"caption":"Princ Alati"},"image":{"@id":"https:\/\/princalati.rs\/#\/schema\/logo\/image\/"}}]}},"_links":{"self":[{"href":"https:\/\/princalati.rs\/index.php\/wp-json\/wp\/v2\/product\/6322","targetHints":{"allow":["GET"]}}],"collection":[{"href":"https:\/\/princalati.rs\/index.php\/wp-json\/wp\/v2\/product"}],"about":[{"href":"https:\/\/princalati.rs\/index.php\/wp-json\/wp\/v2\/types\/product"}],"replies":[{"embeddable":true,"href":"https:\/\/princalati.rs\/index.php\/wp-json\/wp\/v2\/comments?post=6322"}],"wp:featuredmedia":[{"embeddable":true,"href":"https:\/\/princalati.rs\/index.php\/wp-json\/wp\/v2\/media\/6323"}],"wp:attachment":[{"href":"https:\/\/princalati.rs\/index.php\/wp-json\/wp\/v2\/media?parent=6322"}],"wp:term":[{"taxonomy":"product_brand","embeddable":true,"href":"https:\/\/princalati.rs\/index.php\/wp-json\/wp\/v2\/product_brand?post=6322"},{"taxonomy":"product_cat","embeddable":true,"href":"https:\/\/princalati.rs\/index.php\/wp-json\/wp\/v2\/product_cat?post=6322"},{"taxonomy":"product_tag","embeddable":true,"href":"https:\/\/princalati.rs\/index.php\/wp-json\/wp\/v2\/product_tag?post=6322"}],"curies":[{"name":"wp","href":"https:\/\/api.w.org\/{rel}","templated":true}]}}