{"id":4360,"date":"2025-03-26T13:29:06","date_gmt":"2025-03-26T13:29:06","guid":{"rendered":"https:\/\/princalati.rs\/?post_type=product&#038;p=4360"},"modified":"2025-10-27T10:04:29","modified_gmt":"2025-10-27T10:04:29","slug":"nasadni-kluc-tx-spoljasnji-1-2","status":"publish","type":"product","link":"https:\/\/princalati.rs\/index.php\/product\/nasadni-kluc-tx-spoljasnji-1-2\/","title":{"rendered":"Nasadni klu\u010d TX spolja\u0161nji 1\/2&#8243;"},"content":{"rendered":"<div class=\"pdp-details-container-content\">\n<h3 class=\"pdp-details-container-content-headline\">Detalji<\/h3>\n<\/div>\n<div class=\"pdp-details-container-content\">\n<div class=\"pdp-details-container-content-left\">\n<div>\n<div class=\"headline\">\n<h4>Podru\u010dja primene:<\/h4>\n<\/div>\n<p class=\"description\">Univerzalna upotreba u in\u017eenjerskim i gra\u0111evinskim sektorima<\/p>\n<p class=\"description\">Pogodno za uske prostore i detaljne instalacijske zadatke<\/p>\n<\/div>\n<div>\n<div class=\"headline\">\n<h4>Prednosti:<\/h4>\n<\/div>\n<ul class=\"list\">\n<li class=\"description\">Trajna konstrukcija\n<ul>\n<li>Osigurava dugove\u010dnost i pouzdanu izvedbu<\/li>\n<li>Idealno za okru\u017eenja s visokim zahtevima<\/li>\n<\/ul>\n<\/li>\n<li class=\"description\">Precizan dizajn bita\n<ul>\n<li>Omogu\u0107ava precizno uvrtanje vijaka<\/li>\n<li>Smanjuje klizanje tokom upotrebe<\/li>\n<\/ul>\n<\/li>\n<li class=\"description\">Pobolj\u0161an grip na pogonu vijka\n<ul>\n<li>Pove\u0107ava u\u010dinkovitost u zadacima zatezanja<\/li>\n<\/ul>\n<\/li>\n<li class=\"description\">Siguran prsten za narezivanje\n<ul>\n<li>Nudi bolju kontrolu i rukovanje, tako\u0111e za brzo okretanje rukom<\/li>\n<\/ul>\n<\/li>\n<li class=\"description\">Bit napravljen od S2 alatnog \u010delika<\/li>\n<li class=\"description\">Utika\u010d napravljen od hrom-vanadijum \u010delika<\/li>\n<li class=\"description\">Mat satinirani hrom zavr\u0161etak\u00acbez odsjaja<\/li>\n<\/ul>\n<\/div>\n<div class=\"pdp-details-container-content-icons\">\n<div class=\"pdp-details-container-content-icons-container\">\n<div class=\"pdp-details-container-content-icons-container-item\"><img decoding=\"async\" title=\"\" src=\"https:\/\/mediaserver.berner.eu\/External\/XL\/80236[TIF]-100.jpg\" alt=\"Visokou\u010dinkoviti 1\/2\" width=\"70px\" height=\"70px\" \/><\/div>\n<\/div>\n<\/div>\n<\/div>\n<\/div>\n","protected":false},"excerpt":{"rendered":"<ul>\n<li><span class=\"product-description-list-inner\">Utika\u010d od hrom-vanadijum \u010delika za superiornu izdr\u017eljivost i \u010dvrsto\u0107u<\/span><\/li>\n<li><span class=\"product-description-list-inner\">Bit od S2 alatnog \u010delika pru\u017ea precizan grip i brze okrete<\/span><\/li>\n<li><span class=\"product-description-list-inner\">Sigurnosno narezan prsten na nasadnom klju\u010du pobolj\u0161ava sigurno rukovanje i kontrolu<\/span><\/li>\n<\/ul>\n","protected":false},"featured_media":4362,"comment_status":"open","ping_status":"closed","template":"","meta":{"_acf_changed":false},"product_brand":[],"product_cat":[92,44,376],"product_tag":[],"class_list":{"0":"post-4360","1":"product","2":"type-product","3":"status-publish","4":"has-post-thumbnail","6":"product_cat-rucni-alat","7":"product_cat-alati","8":"product_cat-nasadni-kljucevi-i-cegrtaljke","9":"member-discount","10":"discount-restricted","12":"first","13":"instock","14":"taxable","15":"shipping-taxable","16":"purchasable","17":"product-type-variable","18":"add-to-wishlist-after_add_to_cart"},"bundled_by":["4473","4473","4473","4473","4473","4473","4473","4473","4473"],"bundle_stock_status":"instock","bundle_stock_quantity":1,"bundle_virtual":false,"bundle_layout":"","bundle_add_to_cart_form_location":"","bundle_editable_in_cart":false,"bundle_sold_individually_context":"","bundle_item_grouping":"","bundle_min_size":"","bundle_max_size":"","bundle_price":[],"bundled_items":[],"bundle_sell_ids":[],"acf":[],"yoast_head":"<!-- This site is optimized with the Yoast SEO plugin v26.5 - https:\/\/yoast.com\/wordpress\/plugins\/seo\/ -->\n<title>Nasadni klu\u010d TX spolja\u0161nji 1\/2&quot; | Princ Alati<\/title>\n<meta name=\"robots\" content=\"noindex, follow, max-snippet:-1, max-image-preview:large, max-video-preview:-1\" \/>\n<meta property=\"og:locale\" content=\"en_US\" \/>\n<meta property=\"og:type\" content=\"article\" \/>\n<meta property=\"og:title\" content=\"Nasadni klu\u010d TX spolja\u0161nji 1\/2&quot; | Princ Alati\" \/>\n<meta property=\"og:description\" content=\"Utika\u010d od hrom-vanadijum \u010delika za superiornu izdr\u017eljivost i \u010dvrsto\u0107u  Bit od S2 alatnog \u010delika pru\u017ea precizan grip i brze okrete  Sigurnosno narezan prsten na nasadnom klju\u010du pobolj\u0161ava sigurno rukovanje i kontrolu\" \/>\n<meta property=\"og:url\" content=\"https:\/\/princalati.rs\/index.php\/product\/nasadni-kluc-tx-spoljasnji-1-2\/\" \/>\n<meta property=\"og:site_name\" content=\"Princ Alati\" \/>\n<meta property=\"article:modified_time\" content=\"2025-10-27T10:04:29+00:00\" \/>\n<meta property=\"og:image\" content=\"https:\/\/princalati.rs\/wp-content\/uploads\/2025\/03\/64241602-100.webp\" \/>\n\t<meta property=\"og:image:width\" content=\"300\" \/>\n\t<meta property=\"og:image:height\" content=\"300\" \/>\n\t<meta property=\"og:image:type\" content=\"image\/webp\" \/>\n<meta name=\"twitter:card\" content=\"summary_large_image\" \/>\n<meta name=\"twitter:label1\" content=\"Est. reading time\" \/>\n\t<meta name=\"twitter:data1\" content=\"1 minute\" \/>\n<script type=\"application\/ld+json\" class=\"yoast-schema-graph\">{\"@context\":\"https:\/\/schema.org\",\"@graph\":[{\"@type\":\"WebPage\",\"@id\":\"https:\/\/princalati.rs\/index.php\/product\/nasadni-kluc-tx-spoljasnji-1-2\/\",\"url\":\"https:\/\/princalati.rs\/index.php\/product\/nasadni-kluc-tx-spoljasnji-1-2\/\",\"name\":\"Nasadni klu\u010d TX spolja\u0161nji 1\/2\\\" | Princ Alati\",\"isPartOf\":{\"@id\":\"https:\/\/princalati.rs\/#website\"},\"primaryImageOfPage\":{\"@id\":\"https:\/\/princalati.rs\/index.php\/product\/nasadni-kluc-tx-spoljasnji-1-2\/#primaryimage\"},\"image\":{\"@id\":\"https:\/\/princalati.rs\/index.php\/product\/nasadni-kluc-tx-spoljasnji-1-2\/#primaryimage\"},\"thumbnailUrl\":\"https:\/\/princalati.rs\/wp-content\/uploads\/2025\/03\/64241602-100.webp\",\"datePublished\":\"2025-03-26T13:29:06+00:00\",\"dateModified\":\"2025-10-27T10:04:29+00:00\",\"breadcrumb\":{\"@id\":\"https:\/\/princalati.rs\/index.php\/product\/nasadni-kluc-tx-spoljasnji-1-2\/#breadcrumb\"},\"inLanguage\":\"en-US\",\"potentialAction\":[{\"@type\":\"ReadAction\",\"target\":[\"https:\/\/princalati.rs\/index.php\/product\/nasadni-kluc-tx-spoljasnji-1-2\/\"]}]},{\"@type\":\"ImageObject\",\"inLanguage\":\"en-US\",\"@id\":\"https:\/\/princalati.rs\/index.php\/product\/nasadni-kluc-tx-spoljasnji-1-2\/#primaryimage\",\"url\":\"https:\/\/princalati.rs\/wp-content\/uploads\/2025\/03\/64241602-100.webp\",\"contentUrl\":\"https:\/\/princalati.rs\/wp-content\/uploads\/2025\/03\/64241602-100.webp\",\"width\":300,\"height\":300},{\"@type\":\"BreadcrumbList\",\"@id\":\"https:\/\/princalati.rs\/index.php\/product\/nasadni-kluc-tx-spoljasnji-1-2\/#breadcrumb\",\"itemListElement\":[{\"@type\":\"ListItem\",\"position\":1,\"name\":\"Home\",\"item\":\"https:\/\/princalati.rs\/\"},{\"@type\":\"ListItem\",\"position\":2,\"name\":\"Shop\",\"item\":\"https:\/\/princalati.rs\/index.php\/shop\/\"},{\"@type\":\"ListItem\",\"position\":3,\"name\":\"Nasadni klu\u010d TX spolja\u0161nji 1\/2&#8243;\"}]},{\"@type\":\"WebSite\",\"@id\":\"https:\/\/princalati.rs\/#website\",\"url\":\"https:\/\/princalati.rs\/\",\"name\":\"Princ Alati\",\"description\":\"\",\"publisher\":{\"@id\":\"https:\/\/princalati.rs\/#organization\"},\"potentialAction\":[{\"@type\":\"SearchAction\",\"target\":{\"@type\":\"EntryPoint\",\"urlTemplate\":\"https:\/\/princalati.rs\/?s={search_term_string}\"},\"query-input\":{\"@type\":\"PropertyValueSpecification\",\"valueRequired\":true,\"valueName\":\"search_term_string\"}}],\"inLanguage\":\"en-US\"},{\"@type\":\"Organization\",\"@id\":\"https:\/\/princalati.rs\/#organization\",\"name\":\"Princ Alati\",\"url\":\"https:\/\/princalati.rs\/\",\"logo\":{\"@type\":\"ImageObject\",\"inLanguage\":\"en-US\",\"@id\":\"https:\/\/princalati.rs\/#\/schema\/logo\/image\/\",\"url\":\"https:\/\/princalati.rs\/wp-content\/uploads\/2024\/12\/logo-1.webp\",\"contentUrl\":\"https:\/\/princalati.rs\/wp-content\/uploads\/2024\/12\/logo-1.webp\",\"width\":500,\"height\":150,\"caption\":\"Princ Alati\"},\"image\":{\"@id\":\"https:\/\/princalati.rs\/#\/schema\/logo\/image\/\"}}]}<\/script>\n<!-- \/ Yoast SEO plugin. -->","yoast_head_json":{"title":"Nasadni klu\u010d TX spolja\u0161nji 1\/2\" | Princ Alati","robots":{"index":"noindex","follow":"follow","max-snippet":"max-snippet:-1","max-image-preview":"max-image-preview:large","max-video-preview":"max-video-preview:-1"},"og_locale":"en_US","og_type":"article","og_title":"Nasadni klu\u010d TX spolja\u0161nji 1\/2\" | Princ Alati","og_description":"Utika\u010d od hrom-vanadijum \u010delika za superiornu izdr\u017eljivost i \u010dvrsto\u0107u  Bit od S2 alatnog \u010delika pru\u017ea precizan grip i brze okrete  Sigurnosno narezan prsten na nasadnom klju\u010du pobolj\u0161ava sigurno rukovanje i kontrolu","og_url":"https:\/\/princalati.rs\/index.php\/product\/nasadni-kluc-tx-spoljasnji-1-2\/","og_site_name":"Princ Alati","article_modified_time":"2025-10-27T10:04:29+00:00","og_image":[{"width":300,"height":300,"url":"https:\/\/princalati.rs\/wp-content\/uploads\/2025\/03\/64241602-100.webp","type":"image\/webp"}],"twitter_card":"summary_large_image","twitter_misc":{"Est. reading time":"1 minute"},"schema":{"@context":"https:\/\/schema.org","@graph":[{"@type":"WebPage","@id":"https:\/\/princalati.rs\/index.php\/product\/nasadni-kluc-tx-spoljasnji-1-2\/","url":"https:\/\/princalati.rs\/index.php\/product\/nasadni-kluc-tx-spoljasnji-1-2\/","name":"Nasadni klu\u010d TX spolja\u0161nji 1\/2\" | Princ Alati","isPartOf":{"@id":"https:\/\/princalati.rs\/#website"},"primaryImageOfPage":{"@id":"https:\/\/princalati.rs\/index.php\/product\/nasadni-kluc-tx-spoljasnji-1-2\/#primaryimage"},"image":{"@id":"https:\/\/princalati.rs\/index.php\/product\/nasadni-kluc-tx-spoljasnji-1-2\/#primaryimage"},"thumbnailUrl":"https:\/\/princalati.rs\/wp-content\/uploads\/2025\/03\/64241602-100.webp","datePublished":"2025-03-26T13:29:06+00:00","dateModified":"2025-10-27T10:04:29+00:00","breadcrumb":{"@id":"https:\/\/princalati.rs\/index.php\/product\/nasadni-kluc-tx-spoljasnji-1-2\/#breadcrumb"},"inLanguage":"en-US","potentialAction":[{"@type":"ReadAction","target":["https:\/\/princalati.rs\/index.php\/product\/nasadni-kluc-tx-spoljasnji-1-2\/"]}]},{"@type":"ImageObject","inLanguage":"en-US","@id":"https:\/\/princalati.rs\/index.php\/product\/nasadni-kluc-tx-spoljasnji-1-2\/#primaryimage","url":"https:\/\/princalati.rs\/wp-content\/uploads\/2025\/03\/64241602-100.webp","contentUrl":"https:\/\/princalati.rs\/wp-content\/uploads\/2025\/03\/64241602-100.webp","width":300,"height":300},{"@type":"BreadcrumbList","@id":"https:\/\/princalati.rs\/index.php\/product\/nasadni-kluc-tx-spoljasnji-1-2\/#breadcrumb","itemListElement":[{"@type":"ListItem","position":1,"name":"Home","item":"https:\/\/princalati.rs\/"},{"@type":"ListItem","position":2,"name":"Shop","item":"https:\/\/princalati.rs\/index.php\/shop\/"},{"@type":"ListItem","position":3,"name":"Nasadni klu\u010d TX spolja\u0161nji 1\/2&#8243;"}]},{"@type":"WebSite","@id":"https:\/\/princalati.rs\/#website","url":"https:\/\/princalati.rs\/","name":"Princ Alati","description":"","publisher":{"@id":"https:\/\/princalati.rs\/#organization"},"potentialAction":[{"@type":"SearchAction","target":{"@type":"EntryPoint","urlTemplate":"https:\/\/princalati.rs\/?s={search_term_string}"},"query-input":{"@type":"PropertyValueSpecification","valueRequired":true,"valueName":"search_term_string"}}],"inLanguage":"en-US"},{"@type":"Organization","@id":"https:\/\/princalati.rs\/#organization","name":"Princ Alati","url":"https:\/\/princalati.rs\/","logo":{"@type":"ImageObject","inLanguage":"en-US","@id":"https:\/\/princalati.rs\/#\/schema\/logo\/image\/","url":"https:\/\/princalati.rs\/wp-content\/uploads\/2024\/12\/logo-1.webp","contentUrl":"https:\/\/princalati.rs\/wp-content\/uploads\/2024\/12\/logo-1.webp","width":500,"height":150,"caption":"Princ Alati"},"image":{"@id":"https:\/\/princalati.rs\/#\/schema\/logo\/image\/"}}]}},"_links":{"self":[{"href":"https:\/\/princalati.rs\/index.php\/wp-json\/wp\/v2\/product\/4360","targetHints":{"allow":["GET"]}}],"collection":[{"href":"https:\/\/princalati.rs\/index.php\/wp-json\/wp\/v2\/product"}],"about":[{"href":"https:\/\/princalati.rs\/index.php\/wp-json\/wp\/v2\/types\/product"}],"replies":[{"embeddable":true,"href":"https:\/\/princalati.rs\/index.php\/wp-json\/wp\/v2\/comments?post=4360"}],"wp:featuredmedia":[{"embeddable":true,"href":"https:\/\/princalati.rs\/index.php\/wp-json\/wp\/v2\/media\/4362"}],"wp:attachment":[{"href":"https:\/\/princalati.rs\/index.php\/wp-json\/wp\/v2\/media?parent=4360"}],"wp:term":[{"taxonomy":"product_brand","embeddable":true,"href":"https:\/\/princalati.rs\/index.php\/wp-json\/wp\/v2\/product_brand?post=4360"},{"taxonomy":"product_cat","embeddable":true,"href":"https:\/\/princalati.rs\/index.php\/wp-json\/wp\/v2\/product_cat?post=4360"},{"taxonomy":"product_tag","embeddable":true,"href":"https:\/\/princalati.rs\/index.php\/wp-json\/wp\/v2\/product_tag?post=4360"}],"curies":[{"name":"wp","href":"https:\/\/api.w.org\/{rel}","templated":true}]}}