{"id":3649,"date":"2025-03-03T11:43:37","date_gmt":"2025-03-03T11:43:37","guid":{"rendered":"https:\/\/princalati.rs\/?post_type=product&#038;p=3649"},"modified":"2025-03-03T11:43:44","modified_gmt":"2025-03-03T11:43:44","slug":"set-t-nasadnih-kluceva-6-ugaoni","status":"publish","type":"product","link":"https:\/\/princalati.rs\/index.php\/product\/set-t-nasadnih-kluceva-6-ugaoni\/","title":{"rendered":"Set T nasadnih klu\u010deva 6-ugaoni"},"content":{"rendered":"<div class=\"pdp-details-container-content\">\n<h3 class=\"pdp-details-container-content-headline\">Detalji<\/h3>\n<\/div>\n<div class=\"pdp-details-container-content\">\n<div class=\"pdp-details-container-content-left\">\n<div>\n<div class=\"headline\">\n<h4>Prednosti:<\/h4>\n<\/div>\n<ul class=\"list\">\n<li class=\"description\">Mo\u017ee se integrisati u kolica Evolution i Revolution\u00a0 firme BERNER<\/li>\n<li class=\"description\">Dvokomponentna ru\u010dka\n<ul>\n<li>Dobra otpornost na te\u010dnosti poput nafte, dizelskog goriva, benzinskog goriva, masti, ko\u010dione te\u010dnosti, mineralnih ulja<\/li>\n<\/ul>\n<\/li>\n<li class=\"description\">T-ru\u010dka\n<ul>\n<li>Savr\u0161en odabir kada je potreban dodatni napor<\/li>\n<\/ul>\n<\/li>\n<li class=\"description\">Savr\u0161eno brzo okretanje\n<ul>\n<li>Tanka ergonomska ru\u010dka<\/li>\n<\/ul>\n<\/li>\n<li class=\"description\">Okrugla o\u0161trica visokog kvaliteta s ugra\u0111enim nasadnim klju\u010dem\n<ul>\n<li>Potpun i direktan prenos<\/li>\n<\/ul>\n<\/li>\n<li class=\"description\">O\u0161trica sa satenskom hromiranom zavr\u0161nom obradom\n<ul>\n<li>Za optimalnu za\u0161titu od korozije<\/li>\n<\/ul>\n<\/li>\n<\/ul>\n<\/div>\n<div class=\"pdp-details-container-content-icons\">\n<div class=\"pdp-details-container-content-icons-container\">\n<div class=\"pdp-details-container-content-icons-container-item\"><img decoding=\"async\" class=\"alignleft\" title=\"\" src=\"https:\/\/mediaserver.berner.eu\/External\/XL\/15757[TIF]-100.jpg\" alt=\"Odvija\u010d s ulo\u0161kom od tvrde pjene, T-ru\u010dkom i utorom za o\u0161tricu\" width=\"70px\" height=\"70px\" \/><\/div>\n<div class=\"pdp-details-container-content-icons-container-item\"><img decoding=\"async\" class=\"alignleft\" title=\"\" src=\"https:\/\/mediaserver.berner.eu\/External\/XL\/24039[TIF]-100.jpg\" alt=\"Odvija\u010d s ulo\u0161kom od tvrde pjene, T-ru\u010dkom i utorom za o\u0161tricu\" width=\"70px\" height=\"70px\" \/><\/div>\n<div class=\"pdp-details-container-content-icons-container-item\"><img decoding=\"async\" title=\"\" src=\"https:\/\/mediaserver.berner.eu\/External\/XL\/24038[TIF]-100.jpg\" alt=\"Odvija\u010d s ulo\u0161kom od tvrde pjene, T-ru\u010dkom i utorom za o\u0161tricu\" width=\"70px\" height=\"70px\" \/><\/div>\n<\/div>\n<\/div>\n<\/div>\n<\/div>\n","protected":false},"excerpt":{"rendered":"<ul>\n<li><span class=\"product-description-list-inner\">Mo\u017ee se integrisati u kolica Evolution i Revolution firme BERNER<\/span><\/li>\n<li><span class=\"product-description-list-inner\">Ugodna dvokomponentna dr\u0161ka<\/span><\/li>\n<li><span class=\"product-description-list-inner\">Potpuni prenos s o\u0161tricom monoblok<\/span><\/li>\n<\/ul>\n","protected":false},"featured_media":3650,"comment_status":"open","ping_status":"closed","template":"","meta":{"_acf_changed":false},"product_brand":[],"product_cat":[92,44,373],"product_tag":[],"class_list":{"0":"post-3649","1":"product","2":"type-product","3":"status-publish","4":"has-post-thumbnail","6":"product_cat-rucni-alat","7":"product_cat-alati","8":"product_cat-setovi-alata","9":"member-discount","10":"discount-restricted","12":"first","13":"instock","14":"virtual","15":"taxable","16":"purchasable","17":"product-type-bundle","18":"add-to-wishlist-after_add_to_cart"},"bundled_by":[],"bundle_stock_status":"instock","bundle_stock_quantity":1,"bundle_virtual":false,"bundle_layout":"default","bundle_add_to_cart_form_location":"default","bundle_editable_in_cart":false,"bundle_sold_individually_context":"product","bundle_item_grouping":"parent","bundle_min_size":"","bundle_max_size":"","bundle_price":{"price":{"min":{"incl_tax":"18500","excl_tax":"15416.666667"},"max":{"incl_tax":"18500","excl_tax":"15416.666667"}},"regular_price":{"min":{"incl_tax":"18500","excl_tax":"15416.666667"},"max":{"incl_tax":"18500","excl_tax":"15416.666667"}}},"bundled_items":[{"bundled_item_id":52,"product_id":3622,"menu_order":0,"quantity_min":1,"quantity_max":1,"quantity_default":1,"priced_individually":false,"shipped_individually":false,"override_title":true,"title":"T-klju\u010d \u0161estougaoni SW 8 x 230","override_description":false,"description":"","optional":false,"hide_thumbnail":false,"discount":"","override_variations":false,"allowed_variations":[],"override_default_variation_attributes":true,"default_variation_attributes":[{"id":63,"name":"(T-klju\u010d) skidanje","option":"6-ug-8"},{"id":64,"name":"(T-klu\u010d) du\u017eina o\u0161trice","option":"230-mm"}],"single_product_visibility":"visible","cart_visibility":"visible","order_visibility":"visible","single_product_price_visibility":"visible","cart_price_visibility":"visible","order_price_visibility":"visible","stock_status":"in_stock"},{"bundled_item_id":53,"product_id":3622,"menu_order":1,"quantity_min":1,"quantity_max":1,"quantity_default":1,"priced_individually":false,"shipped_individually":false,"override_title":true,"title":"T-klju\u010d \u0161estougaoni SW 10 x 230","override_description":false,"description":"","optional":false,"hide_thumbnail":false,"discount":"","override_variations":false,"allowed_variations":[],"override_default_variation_attributes":true,"default_variation_attributes":[{"id":63,"name":"(T-klju\u010d) skidanje","option":"6-ug-10"},{"id":64,"name":"(T-klu\u010d) du\u017eina o\u0161trice","option":"230-mm"}],"single_product_visibility":"visible","cart_visibility":"visible","order_visibility":"visible","single_product_price_visibility":"visible","cart_price_visibility":"visible","order_price_visibility":"visible","stock_status":"in_stock"},{"bundled_item_id":54,"product_id":3622,"menu_order":2,"quantity_min":1,"quantity_max":1,"quantity_default":1,"priced_individually":false,"shipped_individually":false,"override_title":true,"title":"T-klju\u010d \u0161estougaoni SW 13 x 230","override_description":false,"description":"","optional":false,"hide_thumbnail":false,"discount":"","override_variations":false,"allowed_variations":[],"override_default_variation_attributes":true,"default_variation_attributes":[{"id":63,"name":"(T-klju\u010d) skidanje","option":"6-ug-13"},{"id":64,"name":"(T-klu\u010d) du\u017eina o\u0161trice","option":"230-mm"}],"single_product_visibility":"visible","cart_visibility":"visible","order_visibility":"visible","single_product_price_visibility":"visible","cart_price_visibility":"visible","order_price_visibility":"visible","stock_status":"in_stock"},{"bundled_item_id":55,"product_id":3631,"menu_order":3,"quantity_min":1,"quantity_max":1,"quantity_default":1,"priced_individually":false,"shipped_individually":false,"override_title":true,"title":"Odvija\u010d 2K TOP A6 UG 6 x 125","override_description":false,"description":"","optional":false,"hide_thumbnail":false,"discount":"","override_variations":false,"allowed_variations":[],"override_default_variation_attributes":true,"default_variation_attributes":[{"id":9,"name":"(odvija\u010di) skidanje","option":"hex-6"},{"id":10,"name":"(odvija\u010di) du\u017eina o\u0161trice","option":"125-mm"},{"id":11,"name":"(odvija\u010di) ukupna du\u017eina","option":"230-mm"}],"single_product_visibility":"visible","cart_visibility":"visible","order_visibility":"visible","single_product_price_visibility":"visible","cart_price_visibility":"visible","order_price_visibility":"visible","stock_status":"in_stock"},{"bundled_item_id":56,"product_id":3631,"menu_order":4,"quantity_min":1,"quantity_max":1,"quantity_default":1,"priced_individually":false,"shipped_individually":false,"override_title":true,"title":"Odvija\u010d 2K TOP A6 UG 7 x 125","override_description":false,"description":"","optional":false,"hide_thumbnail":false,"discount":"","override_variations":false,"allowed_variations":[],"override_default_variation_attributes":true,"default_variation_attributes":[{"id":9,"name":"(odvija\u010di) skidanje","option":"hex-7"},{"id":10,"name":"(odvija\u010di) du\u017eina o\u0161trice","option":"125-mm"},{"id":11,"name":"(odvija\u010di) ukupna du\u017eina","option":"230-mm"}],"single_product_visibility":"visible","cart_visibility":"visible","order_visibility":"visible","single_product_price_visibility":"visible","cart_price_visibility":"visible","order_price_visibility":"visible","stock_status":"in_stock"},{"bundled_item_id":57,"product_id":3631,"menu_order":5,"quantity_min":1,"quantity_max":1,"quantity_default":1,"priced_individually":false,"shipped_individually":false,"override_title":true,"title":"Odvija\u010d 2K TOP A6 UG 8 x 125","override_description":false,"description":"","optional":false,"hide_thumbnail":false,"discount":"","override_variations":false,"allowed_variations":[],"override_default_variation_attributes":true,"default_variation_attributes":[{"id":9,"name":"(odvija\u010di) skidanje","option":"hex-8"},{"id":10,"name":"(odvija\u010di) du\u017eina o\u0161trice","option":"125-mm"},{"id":11,"name":"(odvija\u010di) ukupna du\u017eina","option":"240-mm"}],"single_product_visibility":"visible","cart_visibility":"visible","order_visibility":"visible","single_product_price_visibility":"visible","cart_price_visibility":"visible","order_price_visibility":"visible","stock_status":"in_stock"},{"bundled_item_id":58,"product_id":3631,"menu_order":6,"quantity_min":1,"quantity_max":1,"quantity_default":1,"priced_individually":false,"shipped_individually":false,"override_title":true,"title":"Odvija\u010d 2K TOP A6 UG 10 x 125","override_description":false,"description":"","optional":false,"hide_thumbnail":false,"discount":"","override_variations":false,"allowed_variations":[],"override_default_variation_attributes":true,"default_variation_attributes":[{"id":9,"name":"(odvija\u010di) skidanje","option":"hex-10"},{"id":10,"name":"(odvija\u010di) du\u017eina o\u0161trice","option":"125-mm"},{"id":11,"name":"(odvija\u010di) ukupna du\u017eina","option":"240-mm"}],"single_product_visibility":"visible","cart_visibility":"visible","order_visibility":"visible","single_product_price_visibility":"visible","cart_price_visibility":"visible","order_price_visibility":"visible","stock_status":"in_stock"},{"bundled_item_id":59,"product_id":3631,"menu_order":7,"quantity_min":1,"quantity_max":1,"quantity_default":1,"priced_individually":false,"shipped_individually":false,"override_title":true,"title":"Odvija\u010d 2K TOP A6 UG 13 x 125","override_description":false,"description":"","optional":false,"hide_thumbnail":false,"discount":"","override_variations":false,"allowed_variations":[],"override_default_variation_attributes":true,"default_variation_attributes":[{"id":9,"name":"(odvija\u010di) skidanje","option":"hex-13"},{"id":10,"name":"(odvija\u010di) du\u017eina o\u0161trice","option":"125-mm"},{"id":11,"name":"(odvija\u010di) ukupna du\u017eina","option":"250-mm"}],"single_product_visibility":"visible","cart_visibility":"visible","order_visibility":"visible","single_product_price_visibility":"visible","cart_price_visibility":"visible","order_price_visibility":"visible","stock_status":"in_stock"}],"bundle_sell_ids":[],"acf":[],"yoast_head":"<!-- This site is optimized with the Yoast SEO plugin v26.5 - https:\/\/yoast.com\/wordpress\/plugins\/seo\/ -->\n<title>Set T nasadnih klu\u010deva 6-ugaoni | Princ Alati<\/title>\n<meta name=\"robots\" content=\"noindex, follow, max-snippet:-1, max-image-preview:large, max-video-preview:-1\" \/>\n<meta property=\"og:locale\" content=\"en_US\" \/>\n<meta property=\"og:type\" content=\"article\" \/>\n<meta property=\"og:title\" content=\"Set T nasadnih klu\u010deva 6-ugaoni | Princ Alati\" \/>\n<meta property=\"og:description\" content=\"Mo\u017ee se integrisati u kolica Evolution i Revolution firme BERNER  Ugodna dvokomponentna dr\u0161ka  Potpuni prenos s o\u0161tricom monoblok\" \/>\n<meta property=\"og:url\" content=\"https:\/\/princalati.rs\/index.php\/product\/set-t-nasadnih-kluceva-6-ugaoni\/\" \/>\n<meta property=\"og:site_name\" content=\"Princ Alati\" \/>\n<meta property=\"article:modified_time\" content=\"2025-03-03T11:43:44+00:00\" \/>\n<meta property=\"og:image\" content=\"https:\/\/princalati.rs\/wp-content\/uploads\/2025\/03\/13839131-100.webp\" \/>\n\t<meta property=\"og:image:width\" content=\"300\" \/>\n\t<meta property=\"og:image:height\" content=\"300\" \/>\n\t<meta property=\"og:image:type\" content=\"image\/webp\" \/>\n<meta name=\"twitter:card\" content=\"summary_large_image\" \/>\n<meta name=\"twitter:label1\" content=\"Est. reading time\" \/>\n\t<meta name=\"twitter:data1\" content=\"2 minutes\" \/>\n<script type=\"application\/ld+json\" class=\"yoast-schema-graph\">{\"@context\":\"https:\/\/schema.org\",\"@graph\":[{\"@type\":\"WebPage\",\"@id\":\"https:\/\/princalati.rs\/index.php\/product\/set-t-nasadnih-kluceva-6-ugaoni\/\",\"url\":\"https:\/\/princalati.rs\/index.php\/product\/set-t-nasadnih-kluceva-6-ugaoni\/\",\"name\":\"Set T nasadnih klu\u010deva 6-ugaoni | Princ Alati\",\"isPartOf\":{\"@id\":\"https:\/\/princalati.rs\/#website\"},\"primaryImageOfPage\":{\"@id\":\"https:\/\/princalati.rs\/index.php\/product\/set-t-nasadnih-kluceva-6-ugaoni\/#primaryimage\"},\"image\":{\"@id\":\"https:\/\/princalati.rs\/index.php\/product\/set-t-nasadnih-kluceva-6-ugaoni\/#primaryimage\"},\"thumbnailUrl\":\"https:\/\/princalati.rs\/wp-content\/uploads\/2025\/03\/13839131-100.webp\",\"datePublished\":\"2025-03-03T11:43:37+00:00\",\"dateModified\":\"2025-03-03T11:43:44+00:00\",\"breadcrumb\":{\"@id\":\"https:\/\/princalati.rs\/index.php\/product\/set-t-nasadnih-kluceva-6-ugaoni\/#breadcrumb\"},\"inLanguage\":\"en-US\",\"potentialAction\":[{\"@type\":\"ReadAction\",\"target\":[\"https:\/\/princalati.rs\/index.php\/product\/set-t-nasadnih-kluceva-6-ugaoni\/\"]}]},{\"@type\":\"ImageObject\",\"inLanguage\":\"en-US\",\"@id\":\"https:\/\/princalati.rs\/index.php\/product\/set-t-nasadnih-kluceva-6-ugaoni\/#primaryimage\",\"url\":\"https:\/\/princalati.rs\/wp-content\/uploads\/2025\/03\/13839131-100.webp\",\"contentUrl\":\"https:\/\/princalati.rs\/wp-content\/uploads\/2025\/03\/13839131-100.webp\",\"width\":300,\"height\":300},{\"@type\":\"BreadcrumbList\",\"@id\":\"https:\/\/princalati.rs\/index.php\/product\/set-t-nasadnih-kluceva-6-ugaoni\/#breadcrumb\",\"itemListElement\":[{\"@type\":\"ListItem\",\"position\":1,\"name\":\"Home\",\"item\":\"https:\/\/princalati.rs\/\"},{\"@type\":\"ListItem\",\"position\":2,\"name\":\"Shop\",\"item\":\"https:\/\/princalati.rs\/index.php\/shop\/\"},{\"@type\":\"ListItem\",\"position\":3,\"name\":\"Set T nasadnih klu\u010deva 6-ugaoni\"}]},{\"@type\":\"WebSite\",\"@id\":\"https:\/\/princalati.rs\/#website\",\"url\":\"https:\/\/princalati.rs\/\",\"name\":\"Princ Alati\",\"description\":\"\",\"publisher\":{\"@id\":\"https:\/\/princalati.rs\/#organization\"},\"potentialAction\":[{\"@type\":\"SearchAction\",\"target\":{\"@type\":\"EntryPoint\",\"urlTemplate\":\"https:\/\/princalati.rs\/?s={search_term_string}\"},\"query-input\":{\"@type\":\"PropertyValueSpecification\",\"valueRequired\":true,\"valueName\":\"search_term_string\"}}],\"inLanguage\":\"en-US\"},{\"@type\":\"Organization\",\"@id\":\"https:\/\/princalati.rs\/#organization\",\"name\":\"Princ Alati\",\"url\":\"https:\/\/princalati.rs\/\",\"logo\":{\"@type\":\"ImageObject\",\"inLanguage\":\"en-US\",\"@id\":\"https:\/\/princalati.rs\/#\/schema\/logo\/image\/\",\"url\":\"https:\/\/princalati.rs\/wp-content\/uploads\/2024\/12\/logo-1.webp\",\"contentUrl\":\"https:\/\/princalati.rs\/wp-content\/uploads\/2024\/12\/logo-1.webp\",\"width\":500,\"height\":150,\"caption\":\"Princ Alati\"},\"image\":{\"@id\":\"https:\/\/princalati.rs\/#\/schema\/logo\/image\/\"}}]}<\/script>\n<!-- \/ Yoast SEO plugin. -->","yoast_head_json":{"title":"Set T nasadnih klu\u010deva 6-ugaoni | Princ Alati","robots":{"index":"noindex","follow":"follow","max-snippet":"max-snippet:-1","max-image-preview":"max-image-preview:large","max-video-preview":"max-video-preview:-1"},"og_locale":"en_US","og_type":"article","og_title":"Set T nasadnih klu\u010deva 6-ugaoni | Princ Alati","og_description":"Mo\u017ee se integrisati u kolica Evolution i Revolution firme BERNER  Ugodna dvokomponentna dr\u0161ka  Potpuni prenos s o\u0161tricom monoblok","og_url":"https:\/\/princalati.rs\/index.php\/product\/set-t-nasadnih-kluceva-6-ugaoni\/","og_site_name":"Princ Alati","article_modified_time":"2025-03-03T11:43:44+00:00","og_image":[{"width":300,"height":300,"url":"https:\/\/princalati.rs\/wp-content\/uploads\/2025\/03\/13839131-100.webp","type":"image\/webp"}],"twitter_card":"summary_large_image","twitter_misc":{"Est. reading time":"2 minutes"},"schema":{"@context":"https:\/\/schema.org","@graph":[{"@type":"WebPage","@id":"https:\/\/princalati.rs\/index.php\/product\/set-t-nasadnih-kluceva-6-ugaoni\/","url":"https:\/\/princalati.rs\/index.php\/product\/set-t-nasadnih-kluceva-6-ugaoni\/","name":"Set T nasadnih klu\u010deva 6-ugaoni | Princ Alati","isPartOf":{"@id":"https:\/\/princalati.rs\/#website"},"primaryImageOfPage":{"@id":"https:\/\/princalati.rs\/index.php\/product\/set-t-nasadnih-kluceva-6-ugaoni\/#primaryimage"},"image":{"@id":"https:\/\/princalati.rs\/index.php\/product\/set-t-nasadnih-kluceva-6-ugaoni\/#primaryimage"},"thumbnailUrl":"https:\/\/princalati.rs\/wp-content\/uploads\/2025\/03\/13839131-100.webp","datePublished":"2025-03-03T11:43:37+00:00","dateModified":"2025-03-03T11:43:44+00:00","breadcrumb":{"@id":"https:\/\/princalati.rs\/index.php\/product\/set-t-nasadnih-kluceva-6-ugaoni\/#breadcrumb"},"inLanguage":"en-US","potentialAction":[{"@type":"ReadAction","target":["https:\/\/princalati.rs\/index.php\/product\/set-t-nasadnih-kluceva-6-ugaoni\/"]}]},{"@type":"ImageObject","inLanguage":"en-US","@id":"https:\/\/princalati.rs\/index.php\/product\/set-t-nasadnih-kluceva-6-ugaoni\/#primaryimage","url":"https:\/\/princalati.rs\/wp-content\/uploads\/2025\/03\/13839131-100.webp","contentUrl":"https:\/\/princalati.rs\/wp-content\/uploads\/2025\/03\/13839131-100.webp","width":300,"height":300},{"@type":"BreadcrumbList","@id":"https:\/\/princalati.rs\/index.php\/product\/set-t-nasadnih-kluceva-6-ugaoni\/#breadcrumb","itemListElement":[{"@type":"ListItem","position":1,"name":"Home","item":"https:\/\/princalati.rs\/"},{"@type":"ListItem","position":2,"name":"Shop","item":"https:\/\/princalati.rs\/index.php\/shop\/"},{"@type":"ListItem","position":3,"name":"Set T nasadnih klu\u010deva 6-ugaoni"}]},{"@type":"WebSite","@id":"https:\/\/princalati.rs\/#website","url":"https:\/\/princalati.rs\/","name":"Princ Alati","description":"","publisher":{"@id":"https:\/\/princalati.rs\/#organization"},"potentialAction":[{"@type":"SearchAction","target":{"@type":"EntryPoint","urlTemplate":"https:\/\/princalati.rs\/?s={search_term_string}"},"query-input":{"@type":"PropertyValueSpecification","valueRequired":true,"valueName":"search_term_string"}}],"inLanguage":"en-US"},{"@type":"Organization","@id":"https:\/\/princalati.rs\/#organization","name":"Princ Alati","url":"https:\/\/princalati.rs\/","logo":{"@type":"ImageObject","inLanguage":"en-US","@id":"https:\/\/princalati.rs\/#\/schema\/logo\/image\/","url":"https:\/\/princalati.rs\/wp-content\/uploads\/2024\/12\/logo-1.webp","contentUrl":"https:\/\/princalati.rs\/wp-content\/uploads\/2024\/12\/logo-1.webp","width":500,"height":150,"caption":"Princ Alati"},"image":{"@id":"https:\/\/princalati.rs\/#\/schema\/logo\/image\/"}}]}},"_links":{"self":[{"href":"https:\/\/princalati.rs\/index.php\/wp-json\/wp\/v2\/product\/3649","targetHints":{"allow":["GET"]}}],"collection":[{"href":"https:\/\/princalati.rs\/index.php\/wp-json\/wp\/v2\/product"}],"about":[{"href":"https:\/\/princalati.rs\/index.php\/wp-json\/wp\/v2\/types\/product"}],"replies":[{"embeddable":true,"href":"https:\/\/princalati.rs\/index.php\/wp-json\/wp\/v2\/comments?post=3649"}],"wp:featuredmedia":[{"embeddable":true,"href":"https:\/\/princalati.rs\/index.php\/wp-json\/wp\/v2\/media\/3650"}],"wp:attachment":[{"href":"https:\/\/princalati.rs\/index.php\/wp-json\/wp\/v2\/media?parent=3649"}],"wp:term":[{"taxonomy":"product_brand","embeddable":true,"href":"https:\/\/princalati.rs\/index.php\/wp-json\/wp\/v2\/product_brand?post=3649"},{"taxonomy":"product_cat","embeddable":true,"href":"https:\/\/princalati.rs\/index.php\/wp-json\/wp\/v2\/product_cat?post=3649"},{"taxonomy":"product_tag","embeddable":true,"href":"https:\/\/princalati.rs\/index.php\/wp-json\/wp\/v2\/product_tag?post=3649"}],"curies":[{"name":"wp","href":"https:\/\/api.w.org\/{rel}","templated":true}]}}