{"id":3230,"date":"2025-02-24T09:00:21","date_gmt":"2025-02-24T09:00:21","guid":{"rendered":"https:\/\/princalati.rs\/?post_type=product&#038;p=3230"},"modified":"2025-02-24T09:00:23","modified_gmt":"2025-02-24T09:00:23","slug":"rukavice-za-jednokratnu-upotrebu-grip","status":"publish","type":"product","link":"https:\/\/princalati.rs\/index.php\/product\/rukavice-za-jednokratnu-upotrebu-grip\/","title":{"rendered":"Rukavice za jednokratnu upotrebu Grip"},"content":{"rendered":"<div class=\"pdp-details-container-content\">\n<h3 class=\"pdp-details-container-content-headline\">Detalji<\/h3>\n<\/div>\n<div class=\"pdp-details-container-content\">\n<div class=\"pdp-details-container-content-left\">\n<div>\n<div class=\"headline\">\n<h4>Podru\u010dja primene:<\/h4>\n<\/div>\n<p class=\"description\">Mogu se upotrebljavati pri radu s bojama, smolama, lepkovima, proizvodima za \u010di\u0161\u0107enje i poliranje i jo\u0161 mnogo toga u<\/p>\n<ul>\n<li class=\"description\">industriji<\/li>\n<li class=\"description\">gra\u0111evinskoj industriji<\/li>\n<li class=\"description\">automobilskoj industriji<\/li>\n<li class=\"description\">poslovima \u010di\u0161\u0107enja i odr\u017eavanja<\/li>\n<li class=\"description\">Strojevi i oprema<\/li>\n<li class=\"description\">Poljoprivredi<\/li>\n<li class=\"description\">laboratorijskom radu<\/li>\n<li class=\"description\">radovima lakiranja<\/li>\n<li class=\"description\">aktivnostima u radionici<\/li>\n<li class=\"description\">ugostiteljstvu<\/li>\n<li class=\"description\">Prehrambena industrija<\/li>\n<\/ul>\n<\/div>\n<div>\n<div class=\"headline\">\n<h4>Prednosti:<\/h4>\n<\/div>\n<ul class=\"list\">\n<li class=\"description\">Visokokvalitetna zavr\u0161na obrada<\/li>\n<li class=\"description\">Robusne i izdr\u017eljive jednokratne nitrilne rukavice\n<ul>\n<li>Savr\u0161ena osetljivost na dodir<\/li>\n<li>Mogu\u0107nost upotrebe zaslona osetljivog na dodir (rukavica mora \u010dvrsto pristajati)<\/li>\n<\/ul>\n<\/li>\n<li class=\"description\">Savr\u0161eni prihvat na mokrom i suvom zahvaljuju\u0107i jedinstvenom dijamantnom uzorku<\/li>\n<li class=\"description\">Izuzetna fleksibilnost\n<ul>\n<li>Izuzetna otpornost na kidanje<\/li>\n<li>Dobra pro\u0161irivost<\/li>\n<\/ul>\n<\/li>\n<li class=\"description\">Savr\u0161eno pristajanje\n<ul>\n<li>Usko, \u010dvrsto pristajanje<\/li>\n<li>Visoka udobnost no\u0161enja<\/li>\n<\/ul>\n<\/li>\n<li class=\"description\">Najbolja vidljivost\n<ul>\n<li>Upe\u010datljiva naran\u010dasta boja<\/li>\n<\/ul>\n<\/li>\n<li class=\"description\">Kratkotrajna za\u0161tita od ulja, kao i raznih hemikalija, kiselina i rastvara\u010da<\/li>\n<li class=\"description\">Prikladne za alergi\u010dare\n<ul>\n<li>Bez lateksa<\/li>\n<li>Hipoalergene<\/li>\n<li>Bez pudera<\/li>\n<\/ul>\n<\/li>\n<li class=\"description\">Prikladno za rukovanje hranom<\/li>\n<li class=\"description\">Nesterilne<\/li>\n<li class=\"description\">Isporu\u010duje se u prakti\u010dnom dozatoru za jednokratnu upotrebu<\/li>\n<\/ul>\n<\/div>\n<div class=\"pdp-details-container-content-icons\">\n<div class=\"pdp-details-container-content-icons-container\">\n<div class=\"pdp-details-container-content-icons-container-item\"><img decoding=\"async\" class=\"alignleft\" title=\"EN ISO 374-1:2016_Type B_pictogram\" src=\"https:\/\/mediaserver.berner.eu\/External\/XL\/37241410-100.jpg\" alt=\"EN ISO 374-1:2016_Type B_pictogram\" width=\"70px\" height=\"70px\" \/><\/div>\n<div class=\"pdp-details-container-content-icons-container-item\"><img decoding=\"async\" class=\"alignleft\" title=\"EN ISO 374-5:2016_pictogram\" src=\"https:\/\/mediaserver.berner.eu\/External\/XL\/37241409-100.jpg\" alt=\"EN ISO 374-5:2016_pictogram\" width=\"70px\" height=\"70px\" \/><\/div>\n<div class=\"pdp-details-container-content-icons-container-item\"><img decoding=\"async\" class=\"alignleft\" title=\"0227_Triangle latex free_pictogram\" src=\"https:\/\/mediaserver.berner.eu\/External\/XL\/37299552-100.jpg\" alt=\"0227_Triangle latex free_pictogram\" width=\"70px\" height=\"70px\" \/><\/div>\n<div class=\"pdp-details-container-content-icons-container-item\"><img decoding=\"async\" class=\"alignleft\" title=\"0237_food safe_pictogram\" src=\"https:\/\/mediaserver.berner.eu\/External\/XL\/37301957-100.jpg\" alt=\"0237_food safe_pictogram\" width=\"70px\" height=\"70px\" \/><\/div>\n<div class=\"pdp-details-container-content-icons-container-item\"><img decoding=\"async\" class=\"alignleft\" title=\"Disposable glove - nitrile orange Grip_Pictogram\" src=\"https:\/\/mediaserver.berner.eu\/External\/XL\/50745831-100.jpg\" alt=\"Disposable glove - nitrile orange Grip_Pictogram\" width=\"70px\" height=\"70px\" \/><\/div>\n<div class=\"pdp-details-container-content-icons-container-item\"><img decoding=\"async\" title=\"Picto Touch Gloves\" src=\"https:\/\/mediaserver.berner.eu\/External\/XL\/62473199-100.jpg\" alt=\"Picto Touch Gloves\" width=\"70px\" height=\"70px\" \/><\/div>\n<\/div>\n<\/div>\n<\/div>\n<div class=\"pdp-details-container-content-right\">\n<div class=\"pdp-details-container-content-right-collapsible\">\n<div class=\"pdp-details-container-content-right-collapse\">\n<div class=\"headline\"><\/div>\n<\/div>\n<\/div>\n<\/div>\n<\/div>\n","protected":false},"excerpt":{"rendered":"<ul>\n<li><span class=\"product-description-list-inner\">Za\u0161tita od ulja, kao i raznih hemikalija, kiselina i rastvara\u010da<\/span><\/li>\n<li><span class=\"product-description-list-inner\">Savr\u0161eno prijanjanje zahvaljuju\u0107i jedinstvenom dijamantnom uzorku<\/span><\/li>\n<li><span class=\"product-description-list-inner\">Prikladno za rukovanje hranom<\/span><\/li>\n<\/ul>\n","protected":false},"featured_media":3232,"comment_status":"open","ping_status":"closed","template":"","meta":{"_acf_changed":false},"product_brand":[],"product_cat":[82,323,43],"product_tag":[],"class_list":{"0":"post-3230","1":"product","2":"type-product","3":"status-publish","4":"has-post-thumbnail","6":"product_cat-zastitne-rukavice","7":"product_cat-rukavice-za-jednokratnu-upotrebu","8":"product_cat-oprema-za-licnu-zastitu","9":"member-discount","10":"discount-restricted","12":"first","13":"instock","14":"taxable","15":"shipping-taxable","16":"purchasable","17":"product-type-variable","18":"add-to-wishlist-after_add_to_cart"},"bundled_by":[],"bundle_stock_status":"instock","bundle_stock_quantity":1,"bundle_virtual":false,"bundle_layout":"","bundle_add_to_cart_form_location":"","bundle_editable_in_cart":false,"bundle_sold_individually_context":"","bundle_item_grouping":"","bundle_min_size":"","bundle_max_size":"","bundle_price":[],"bundled_items":[],"bundle_sell_ids":[],"acf":[],"yoast_head":"<!-- This site is optimized with the Yoast SEO plugin v26.5 - https:\/\/yoast.com\/wordpress\/plugins\/seo\/ -->\n<title>Rukavice za jednokratnu upotrebu Grip | Princ Alati<\/title>\n<meta name=\"robots\" content=\"noindex, follow, max-snippet:-1, max-image-preview:large, max-video-preview:-1\" \/>\n<meta property=\"og:locale\" content=\"en_US\" \/>\n<meta property=\"og:type\" content=\"article\" \/>\n<meta property=\"og:title\" content=\"Rukavice za jednokratnu upotrebu Grip | Princ Alati\" \/>\n<meta property=\"og:description\" content=\"Za\u0161tita od ulja, kao i raznih hemikalija, kiselina i rastvara\u010da  Savr\u0161eno prijanjanje zahvaljuju\u0107i jedinstvenom dijamantnom uzorku  Prikladno za rukovanje hranom\" \/>\n<meta property=\"og:url\" content=\"https:\/\/princalati.rs\/index.php\/product\/rukavice-za-jednokratnu-upotrebu-grip\/\" \/>\n<meta property=\"og:site_name\" content=\"Princ Alati\" \/>\n<meta property=\"article:modified_time\" content=\"2025-02-24T09:00:23+00:00\" \/>\n<meta property=\"og:image\" content=\"https:\/\/princalati.rs\/wp-content\/uploads\/2025\/02\/61675732-100.webp\" \/>\n\t<meta property=\"og:image:width\" content=\"300\" \/>\n\t<meta property=\"og:image:height\" content=\"300\" \/>\n\t<meta property=\"og:image:type\" content=\"image\/webp\" \/>\n<meta name=\"twitter:card\" content=\"summary_large_image\" \/>\n<meta name=\"twitter:label1\" content=\"Est. reading time\" \/>\n\t<meta name=\"twitter:data1\" content=\"2 minutes\" \/>\n<script type=\"application\/ld+json\" class=\"yoast-schema-graph\">{\"@context\":\"https:\/\/schema.org\",\"@graph\":[{\"@type\":\"WebPage\",\"@id\":\"https:\/\/princalati.rs\/index.php\/product\/rukavice-za-jednokratnu-upotrebu-grip\/\",\"url\":\"https:\/\/princalati.rs\/index.php\/product\/rukavice-za-jednokratnu-upotrebu-grip\/\",\"name\":\"Rukavice za jednokratnu upotrebu Grip | Princ Alati\",\"isPartOf\":{\"@id\":\"https:\/\/princalati.rs\/#website\"},\"primaryImageOfPage\":{\"@id\":\"https:\/\/princalati.rs\/index.php\/product\/rukavice-za-jednokratnu-upotrebu-grip\/#primaryimage\"},\"image\":{\"@id\":\"https:\/\/princalati.rs\/index.php\/product\/rukavice-za-jednokratnu-upotrebu-grip\/#primaryimage\"},\"thumbnailUrl\":\"https:\/\/princalati.rs\/wp-content\/uploads\/2025\/02\/61675732-100.webp\",\"datePublished\":\"2025-02-24T09:00:21+00:00\",\"dateModified\":\"2025-02-24T09:00:23+00:00\",\"breadcrumb\":{\"@id\":\"https:\/\/princalati.rs\/index.php\/product\/rukavice-za-jednokratnu-upotrebu-grip\/#breadcrumb\"},\"inLanguage\":\"en-US\",\"potentialAction\":[{\"@type\":\"ReadAction\",\"target\":[\"https:\/\/princalati.rs\/index.php\/product\/rukavice-za-jednokratnu-upotrebu-grip\/\"]}]},{\"@type\":\"ImageObject\",\"inLanguage\":\"en-US\",\"@id\":\"https:\/\/princalati.rs\/index.php\/product\/rukavice-za-jednokratnu-upotrebu-grip\/#primaryimage\",\"url\":\"https:\/\/princalati.rs\/wp-content\/uploads\/2025\/02\/61675732-100.webp\",\"contentUrl\":\"https:\/\/princalati.rs\/wp-content\/uploads\/2025\/02\/61675732-100.webp\",\"width\":300,\"height\":300},{\"@type\":\"BreadcrumbList\",\"@id\":\"https:\/\/princalati.rs\/index.php\/product\/rukavice-za-jednokratnu-upotrebu-grip\/#breadcrumb\",\"itemListElement\":[{\"@type\":\"ListItem\",\"position\":1,\"name\":\"Home\",\"item\":\"https:\/\/princalati.rs\/\"},{\"@type\":\"ListItem\",\"position\":2,\"name\":\"Shop\",\"item\":\"https:\/\/princalati.rs\/index.php\/shop\/\"},{\"@type\":\"ListItem\",\"position\":3,\"name\":\"Rukavice za jednokratnu upotrebu Grip\"}]},{\"@type\":\"WebSite\",\"@id\":\"https:\/\/princalati.rs\/#website\",\"url\":\"https:\/\/princalati.rs\/\",\"name\":\"Princ Alati\",\"description\":\"\",\"publisher\":{\"@id\":\"https:\/\/princalati.rs\/#organization\"},\"potentialAction\":[{\"@type\":\"SearchAction\",\"target\":{\"@type\":\"EntryPoint\",\"urlTemplate\":\"https:\/\/princalati.rs\/?s={search_term_string}\"},\"query-input\":{\"@type\":\"PropertyValueSpecification\",\"valueRequired\":true,\"valueName\":\"search_term_string\"}}],\"inLanguage\":\"en-US\"},{\"@type\":\"Organization\",\"@id\":\"https:\/\/princalati.rs\/#organization\",\"name\":\"Princ Alati\",\"url\":\"https:\/\/princalati.rs\/\",\"logo\":{\"@type\":\"ImageObject\",\"inLanguage\":\"en-US\",\"@id\":\"https:\/\/princalati.rs\/#\/schema\/logo\/image\/\",\"url\":\"https:\/\/princalati.rs\/wp-content\/uploads\/2024\/12\/logo-1.webp\",\"contentUrl\":\"https:\/\/princalati.rs\/wp-content\/uploads\/2024\/12\/logo-1.webp\",\"width\":500,\"height\":150,\"caption\":\"Princ Alati\"},\"image\":{\"@id\":\"https:\/\/princalati.rs\/#\/schema\/logo\/image\/\"}}]}<\/script>\n<!-- \/ Yoast SEO plugin. -->","yoast_head_json":{"title":"Rukavice za jednokratnu upotrebu Grip | Princ Alati","robots":{"index":"noindex","follow":"follow","max-snippet":"max-snippet:-1","max-image-preview":"max-image-preview:large","max-video-preview":"max-video-preview:-1"},"og_locale":"en_US","og_type":"article","og_title":"Rukavice za jednokratnu upotrebu Grip | Princ Alati","og_description":"Za\u0161tita od ulja, kao i raznih hemikalija, kiselina i rastvara\u010da  Savr\u0161eno prijanjanje zahvaljuju\u0107i jedinstvenom dijamantnom uzorku  Prikladno za rukovanje hranom","og_url":"https:\/\/princalati.rs\/index.php\/product\/rukavice-za-jednokratnu-upotrebu-grip\/","og_site_name":"Princ Alati","article_modified_time":"2025-02-24T09:00:23+00:00","og_image":[{"width":300,"height":300,"url":"https:\/\/princalati.rs\/wp-content\/uploads\/2025\/02\/61675732-100.webp","type":"image\/webp"}],"twitter_card":"summary_large_image","twitter_misc":{"Est. reading time":"2 minutes"},"schema":{"@context":"https:\/\/schema.org","@graph":[{"@type":"WebPage","@id":"https:\/\/princalati.rs\/index.php\/product\/rukavice-za-jednokratnu-upotrebu-grip\/","url":"https:\/\/princalati.rs\/index.php\/product\/rukavice-za-jednokratnu-upotrebu-grip\/","name":"Rukavice za jednokratnu upotrebu Grip | Princ Alati","isPartOf":{"@id":"https:\/\/princalati.rs\/#website"},"primaryImageOfPage":{"@id":"https:\/\/princalati.rs\/index.php\/product\/rukavice-za-jednokratnu-upotrebu-grip\/#primaryimage"},"image":{"@id":"https:\/\/princalati.rs\/index.php\/product\/rukavice-za-jednokratnu-upotrebu-grip\/#primaryimage"},"thumbnailUrl":"https:\/\/princalati.rs\/wp-content\/uploads\/2025\/02\/61675732-100.webp","datePublished":"2025-02-24T09:00:21+00:00","dateModified":"2025-02-24T09:00:23+00:00","breadcrumb":{"@id":"https:\/\/princalati.rs\/index.php\/product\/rukavice-za-jednokratnu-upotrebu-grip\/#breadcrumb"},"inLanguage":"en-US","potentialAction":[{"@type":"ReadAction","target":["https:\/\/princalati.rs\/index.php\/product\/rukavice-za-jednokratnu-upotrebu-grip\/"]}]},{"@type":"ImageObject","inLanguage":"en-US","@id":"https:\/\/princalati.rs\/index.php\/product\/rukavice-za-jednokratnu-upotrebu-grip\/#primaryimage","url":"https:\/\/princalati.rs\/wp-content\/uploads\/2025\/02\/61675732-100.webp","contentUrl":"https:\/\/princalati.rs\/wp-content\/uploads\/2025\/02\/61675732-100.webp","width":300,"height":300},{"@type":"BreadcrumbList","@id":"https:\/\/princalati.rs\/index.php\/product\/rukavice-za-jednokratnu-upotrebu-grip\/#breadcrumb","itemListElement":[{"@type":"ListItem","position":1,"name":"Home","item":"https:\/\/princalati.rs\/"},{"@type":"ListItem","position":2,"name":"Shop","item":"https:\/\/princalati.rs\/index.php\/shop\/"},{"@type":"ListItem","position":3,"name":"Rukavice za jednokratnu upotrebu Grip"}]},{"@type":"WebSite","@id":"https:\/\/princalati.rs\/#website","url":"https:\/\/princalati.rs\/","name":"Princ Alati","description":"","publisher":{"@id":"https:\/\/princalati.rs\/#organization"},"potentialAction":[{"@type":"SearchAction","target":{"@type":"EntryPoint","urlTemplate":"https:\/\/princalati.rs\/?s={search_term_string}"},"query-input":{"@type":"PropertyValueSpecification","valueRequired":true,"valueName":"search_term_string"}}],"inLanguage":"en-US"},{"@type":"Organization","@id":"https:\/\/princalati.rs\/#organization","name":"Princ Alati","url":"https:\/\/princalati.rs\/","logo":{"@type":"ImageObject","inLanguage":"en-US","@id":"https:\/\/princalati.rs\/#\/schema\/logo\/image\/","url":"https:\/\/princalati.rs\/wp-content\/uploads\/2024\/12\/logo-1.webp","contentUrl":"https:\/\/princalati.rs\/wp-content\/uploads\/2024\/12\/logo-1.webp","width":500,"height":150,"caption":"Princ Alati"},"image":{"@id":"https:\/\/princalati.rs\/#\/schema\/logo\/image\/"}}]}},"_links":{"self":[{"href":"https:\/\/princalati.rs\/index.php\/wp-json\/wp\/v2\/product\/3230","targetHints":{"allow":["GET"]}}],"collection":[{"href":"https:\/\/princalati.rs\/index.php\/wp-json\/wp\/v2\/product"}],"about":[{"href":"https:\/\/princalati.rs\/index.php\/wp-json\/wp\/v2\/types\/product"}],"replies":[{"embeddable":true,"href":"https:\/\/princalati.rs\/index.php\/wp-json\/wp\/v2\/comments?post=3230"}],"wp:featuredmedia":[{"embeddable":true,"href":"https:\/\/princalati.rs\/index.php\/wp-json\/wp\/v2\/media\/3232"}],"wp:attachment":[{"href":"https:\/\/princalati.rs\/index.php\/wp-json\/wp\/v2\/media?parent=3230"}],"wp:term":[{"taxonomy":"product_brand","embeddable":true,"href":"https:\/\/princalati.rs\/index.php\/wp-json\/wp\/v2\/product_brand?post=3230"},{"taxonomy":"product_cat","embeddable":true,"href":"https:\/\/princalati.rs\/index.php\/wp-json\/wp\/v2\/product_cat?post=3230"},{"taxonomy":"product_tag","embeddable":true,"href":"https:\/\/princalati.rs\/index.php\/wp-json\/wp\/v2\/product_tag?post=3230"}],"curies":[{"name":"wp","href":"https:\/\/api.w.org\/{rel}","templated":true}]}}